
{"id":83007,"date":"2025-12-23T14:26:41","date_gmt":"2025-12-23T13:26:41","guid":{"rendered":"https:\/\/kikotest.gali-link.com\/Kiko\/?post_type=product&#038;p=83007"},"modified":"2026-02-24T13:19:44","modified_gmt":"2026-02-24T12:19:44","slug":"bright-duo-eyeshadow","status":"publish","type":"product","link":"https:\/\/kikotest.gali-link.com\/Kiko\/produit\/bright-duo-eyeshadow\/","title":{"rendered":"Bright Duo Eyeshadow"},"content":{"rendered":"<p>Ombre \u00e0 paupi\u00e8res duo avec 3 finis diff\u00e9rents: mat, nacr\u00e9 et m\u00e9tallis\u00e9. Parfaite pour: mettre le regard en valeur gr\u00eace \u00e0 une couleur intense et r\u00e9aliser une multitude de looks glamour. Ses particularit\u00e9s: &#8211; Sa texture soyeuse incroyable garantit un rendu couleur brillant, intense et modulable, pour des maquillages vari\u00e9s adapt\u00e9s \u00e0 toutes les occasions. &#8211; Les deux nuances fabuleuses du bo\u00aftier peuvent s&rsquo;utiliser s\u00e9par\u00e9ment ou ensemble, pour un maquillage complet qui fera sensation. &#8211; Elle est disponible en 18 nouvelles r\u00e9f\u00e9rences de couleur, pour un maquillage personnalis\u00e9 coordonn\u00e9 \u00e0 vos tenues.<\/p>\n","protected":false},"excerpt":{"rendered":"<p>Ombre \u00e0 paupi\u00e8res duo pour un rendu couleur intense<\/p>\n","protected":false},"featured_media":95705,"comment_status":"open","ping_status":"closed","template":"","meta":{"_acf_changed":false,"site-sidebar-layout":"default","site-content-layout":"","ast-site-content-layout":"default","site-content-style":"default","site-sidebar-style":"default","ast-global-header-display":"","ast-banner-title-visibility":"","ast-main-header-display":"","ast-hfb-above-header-display":"","ast-hfb-below-header-display":"","ast-hfb-mobile-header-display":"","site-post-title":"","ast-breadcrumbs-content":"","ast-featured-img":"","footer-sml-layout":"","theme-transparent-header-meta":"","adv-header-id-meta":"","stick-header-meta":"","header-above-stick-meta":"","header-main-stick-meta":"","header-below-stick-meta":"","astra-migrate-meta-layouts":"set","ast-page-background-enabled":"default","ast-page-background-meta":{"desktop":{"background-color":"var(--ast-global-color-4)","background-image":"","background-repeat":"repeat","background-position":"center center","background-size":"auto","background-attachment":"scroll","background-type":"","background-media":"","overlay-type":"","overlay-color":"","overlay-opacity":"","overlay-gradient":""},"tablet":{"background-color":"","background-image":"","background-repeat":"repeat","background-position":"center center","background-size":"auto","background-attachment":"scroll","background-type":"","background-media":"","overlay-type":"","overlay-color":"","overlay-opacity":"","overlay-gradient":""},"mobile":{"background-color":"","background-image":"","background-repeat":"repeat","background-position":"center center","background-size":"auto","background-attachment":"scroll","background-type":"","background-media":"","overlay-type":"","overlay-color":"","overlay-opacity":"","overlay-gradient":""}},"ast-content-background-meta":{"desktop":{"background-color":"var(--ast-global-color-5)","background-image":"","background-repeat":"repeat","background-position":"center center","background-size":"auto","background-attachment":"scroll","background-type":"","background-media":"","overlay-type":"","overlay-color":"","overlay-opacity":"","overlay-gradient":""},"tablet":{"background-color":"var(--ast-global-color-5)","background-image":"","background-repeat":"repeat","background-position":"center center","background-size":"auto","background-attachment":"scroll","background-type":"","background-media":"","overlay-type":"","overlay-color":"","overlay-opacity":"","overlay-gradient":""},"mobile":{"background-color":"var(--ast-global-color-5)","background-image":"","background-repeat":"repeat","background-position":"center center","background-size":"auto","background-attachment":"scroll","background-type":"","background-media":"","overlay-type":"","overlay-color":"","overlay-opacity":"","overlay-gradient":""}}},"product_brand":[],"product_cat":[15401,15402,15531],"product_tag":[],"class_list":{"0":"post-83007","1":"product","2":"type-product","3":"status-publish","4":"has-post-thumbnail","6":"product_cat-maquillage","7":"product_cat-yeux","8":"product_cat-ombres-a-paupieres","9":"desktop-align-left","10":"tablet-align-left","11":"mobile-align-left","13":"first","14":"instock","15":"shipping-taxable","16":"purchasable","17":"product-type-variable","18":"has-default-attributes"},"acf":{"quantite":"1,8 g","fabrication":"FABRIQUE EN ITALIE","validite":"24 Mois","image1":null,"image2":null,"image3":null,"resultats":"Le regard est mis en valeur, illumin\u00e9 de reflets envo\u00fbtants avec un jeu de nuances raffin\u00e9. La forme des yeux est soulign\u00e9e gr\u00e2ce \u00e0 un rendu couleur parfait. Le fini est impeccable.","comment":"- Pour un maquillage longue tenue, appliquez la base pour les yeux Neutral Eye Base ou Pearly Eye Base KIKO MILANO. - Pr\u00e9levez et appliquez la ou les couleurs choisies avec le pinceau pour les yeux Eyes 51, puis estompez avec l'Eyes 56. - Refermez le produit apr\u00e8s usage.","ingredients":"COOL GOLD EYESHADOW INGREDIENTS: MICA, SORBITAN ISOSTEARATE, CALCIUM ALUMINUM BOROSILICATE, C30-45 ALKYL DIMETHICONE, POLYGLYCERYL-2  TETRAISOSTEARATE, C10-18 TRIGLYCERIDES, C20-24 ALKYL DIMETHICONE, SILICA, HDI\/TRIMETHYLOL HEXYLLACTONE CROSSPOLYMER, BARIUM SULFATE , SYNTHETIC FLUORPHLOGOPITE, CAPRYLYL GLYCOL, ETHYLHEXYLGLYCERIN, TIN OXIDE, CI 77891 (TITANIUM DIOXIDE), CI 77491 - CI 77499 (IRON OXIDES). DARING GOLD EYESHADOW INGREDIENTS: MICA, SORBITAN ISOSTEARATE, C30-45 ALKYL DIMETHICONE, POLYGLYCERYL-2 TETRAISOSTEARATE, C 10-18 TRIGLYCERIDES, C20-24 ALKYL DIMETHICONE, HDI\/TRIMETHYLOL HEXYLLACTONE CROSSPOLYMER, BARIUM SULFATE, CAPRYLYL GLYCOL, ETHYLHEXY LGLYCERIN, SILICA, SYNTHETIC FLUORPHLOGOPITE, TIN OXIDE, ALUMINA. +\/- (MAY CONTAIN): CI 77891 (TITANIUM DIOXIDE), CI 77491 - CI 7749 2 - CI 77499 (IRON OXIDES), CI 19140 (YELLOW 5 LAKE), CI 77510 (FERRIC FERROCYANIDE).","mise_au_rebut":"","VariantFamilyCode":"","reference":"","date_derniere_sync_navision":null,"_is_synced_navision":false},"_links":{"self":[{"href":"https:\/\/kikotest.gali-link.com\/Kiko\/wp-json\/wp\/v2\/product\/83007","targetHints":{"allow":["GET"]}}],"collection":[{"href":"https:\/\/kikotest.gali-link.com\/Kiko\/wp-json\/wp\/v2\/product"}],"about":[{"href":"https:\/\/kikotest.gali-link.com\/Kiko\/wp-json\/wp\/v2\/types\/product"}],"replies":[{"embeddable":true,"href":"https:\/\/kikotest.gali-link.com\/Kiko\/wp-json\/wp\/v2\/comments?post=83007"}],"wp:featuredmedia":[{"embeddable":true,"href":"https:\/\/kikotest.gali-link.com\/Kiko\/wp-json\/wp\/v2\/media\/95705"}],"wp:attachment":[{"href":"https:\/\/kikotest.gali-link.com\/Kiko\/wp-json\/wp\/v2\/media?parent=83007"}],"wp:term":[{"taxonomy":"product_brand","embeddable":true,"href":"https:\/\/kikotest.gali-link.com\/Kiko\/wp-json\/wp\/v2\/product_brand?post=83007"},{"taxonomy":"product_cat","embeddable":true,"href":"https:\/\/kikotest.gali-link.com\/Kiko\/wp-json\/wp\/v2\/product_cat?post=83007"},{"taxonomy":"product_tag","embeddable":true,"href":"https:\/\/kikotest.gali-link.com\/Kiko\/wp-json\/wp\/v2\/product_tag?post=83007"}],"curies":[{"name":"wp","href":"https:\/\/api.w.org\/{rel}","templated":true}]}}