
{"id":83057,"date":"2025-12-23T14:27:13","date_gmt":"2025-12-23T13:27:13","guid":{"rendered":"https:\/\/kikotest.gali-link.com\/Kiko\/?post_type=product&#038;p=83057"},"modified":"2026-02-24T13:17:56","modified_gmt":"2026-02-24T12:17:56","slug":"candy-crush-mega-blush-highlighter-duo","status":"publish","type":"product","link":"https:\/\/kikotest.gali-link.com\/Kiko\/produit\/candy-crush-mega-blush-highlighter-duo\/","title":{"rendered":"Candy Crush\u2122 Mega Blush &#038; Highlighter Duo"},"content":{"rendered":"<p>Un concentr\u00e9 de perles color\u00e9es pour un look qui ne manquera pas d&rsquo;attirer le regard. Inspir\u00e9e du jeu de bonbons le plus c\u00e9l\u00e8bre au monde, cette palette incontournable comprend un enlumineur et un blush en poudre au fini lumineux pour sublimer votre visage. Pourquoi c&rsquo;est tr\u00e8s tendance?: -Leurs textures soyeuses fondent sur la peau. -Ils sont tr\u00e8s faciles \u00e0 estomper, pour un r\u00e9sultat modulable de l\u00e9ger \u00e0 intense. -Le duo de formules s&rsquo;associe parfaitement pour rendre le visage \u00e9clatant et revitaliser le teint avec un effet bonne mine irr\u00e9sistible. -Les adorables d\u00e9corations sur les ombres \u00e0 paupi\u00e8res font \u00e9cho aux bonbons dans le jeu, pour une application encore plus ludique. -Elle est disponible en deux versions, l&rsquo;une avec des textures nacr\u00e9es et l&rsquo;autre avec un m\u00e9lange de finis nacr\u00e9s et mats.<\/p>\n","protected":false},"excerpt":{"rendered":"<p>Palette visage avec blush et enlumineur<\/p>\n","protected":false},"featured_media":100539,"comment_status":"open","ping_status":"closed","template":"","meta":{"_acf_changed":false,"site-sidebar-layout":"default","site-content-layout":"","ast-site-content-layout":"default","site-content-style":"default","site-sidebar-style":"default","ast-global-header-display":"","ast-banner-title-visibility":"","ast-main-header-display":"","ast-hfb-above-header-display":"","ast-hfb-below-header-display":"","ast-hfb-mobile-header-display":"","site-post-title":"","ast-breadcrumbs-content":"","ast-featured-img":"","footer-sml-layout":"","theme-transparent-header-meta":"","adv-header-id-meta":"","stick-header-meta":"","header-above-stick-meta":"","header-main-stick-meta":"","header-below-stick-meta":"","astra-migrate-meta-layouts":"set","ast-page-background-enabled":"default","ast-page-background-meta":{"desktop":{"background-color":"var(--ast-global-color-4)","background-image":"","background-repeat":"repeat","background-position":"center center","background-size":"auto","background-attachment":"scroll","background-type":"","background-media":"","overlay-type":"","overlay-color":"","overlay-opacity":"","overlay-gradient":""},"tablet":{"background-color":"","background-image":"","background-repeat":"repeat","background-position":"center center","background-size":"auto","background-attachment":"scroll","background-type":"","background-media":"","overlay-type":"","overlay-color":"","overlay-opacity":"","overlay-gradient":""},"mobile":{"background-color":"","background-image":"","background-repeat":"repeat","background-position":"center center","background-size":"auto","background-attachment":"scroll","background-type":"","background-media":"","overlay-type":"","overlay-color":"","overlay-opacity":"","overlay-gradient":""}},"ast-content-background-meta":{"desktop":{"background-color":"var(--ast-global-color-5)","background-image":"","background-repeat":"repeat","background-position":"center center","background-size":"auto","background-attachment":"scroll","background-type":"","background-media":"","overlay-type":"","overlay-color":"","overlay-opacity":"","overlay-gradient":""},"tablet":{"background-color":"var(--ast-global-color-5)","background-image":"","background-repeat":"repeat","background-position":"center center","background-size":"auto","background-attachment":"scroll","background-type":"","background-media":"","overlay-type":"","overlay-color":"","overlay-opacity":"","overlay-gradient":""},"mobile":{"background-color":"var(--ast-global-color-5)","background-image":"","background-repeat":"repeat","background-position":"center center","background-size":"auto","background-attachment":"scroll","background-type":"","background-media":"","overlay-type":"","overlay-color":"","overlay-opacity":"","overlay-gradient":""}}},"product_brand":[],"product_cat":[15401,19154,19158],"product_tag":[],"class_list":{"0":"post-83057","1":"product","2":"type-product","3":"status-publish","4":"has-post-thumbnail","6":"product_cat-maquillage","7":"product_cat-visage","8":"product_cat-highlighter-visage-2","9":"desktop-align-left","10":"tablet-align-left","11":"mobile-align-left","13":"first","14":"instock","15":"sale","16":"shipping-taxable","17":"purchasable","18":"product-type-variable","19":"has-default-attributes"},"acf":{"quantite":"5 g","fabrication":"FABRIQUE EN ITALIE","validite":"18 Mois","image1":null,"image2":null,"image3":null,"resultats":"Brillons\u202f! Une palette ravissante pour sublimer votre visage et vos traits en un seul geste. Ravivez votre teint avec des jeux de lumi\u00e8re sophistiqu\u00e9s.","comment":"1. Appliquez le blush sur les pommettes, en estompant vers l'ext\u00e9rieur. 2. Appliquez et estompez l'enlumineur au centre du front, sur l'ar\u00eate du nez, sur la partie sup\u00e9rieure des pommettes et sur le menton. N'utilisez pas ce produit sur le contour des yeux.","ingredients":"BLUSH & HIGHLIGHTER: INGREDIENTS: OCTYLDODECYL STEAROYL STEARATE, MICA, CALCIUM SODIUM BOROSILICATE, DIISOSTEARYL MALATE, SILICA, AL UMINA, POLYMETHYLSILSESQUIOXANE, TALC, HYDROGENATED POLYCYCLOPENTADIENE, POLYETHYLENE, CAPRYLYL GLYCOL, PHENOXYETHANOL, COPERNICIA C ERIFERA CERA (COPERNICIA CERIFERA (CARNAUBA) WAX\/CIRE DE CARNAUBA), TIN OXIDE, HEXYLENE GLYCOL, TOCOPHEROL. +\/- (MAY CONTAIN): CI 77 891 (TITANIUM DIOXIDE), CI 77491- CI 77499 (IRON OXIDES), CI 15850 (RED 7 LAKE), CI 19140 (YELLOW 5 LAKE), CI 75470 (CARMINE). CONTA INS CARMINE AS A COLOUR ADDITIVE.","mise_au_rebut":"","VariantFamilyCode":"","reference":"","date_derniere_sync_navision":null,"_is_synced_navision":false},"_links":{"self":[{"href":"https:\/\/kikotest.gali-link.com\/Kiko\/wp-json\/wp\/v2\/product\/83057","targetHints":{"allow":["GET"]}}],"collection":[{"href":"https:\/\/kikotest.gali-link.com\/Kiko\/wp-json\/wp\/v2\/product"}],"about":[{"href":"https:\/\/kikotest.gali-link.com\/Kiko\/wp-json\/wp\/v2\/types\/product"}],"replies":[{"embeddable":true,"href":"https:\/\/kikotest.gali-link.com\/Kiko\/wp-json\/wp\/v2\/comments?post=83057"}],"wp:featuredmedia":[{"embeddable":true,"href":"https:\/\/kikotest.gali-link.com\/Kiko\/wp-json\/wp\/v2\/media\/100539"}],"wp:attachment":[{"href":"https:\/\/kikotest.gali-link.com\/Kiko\/wp-json\/wp\/v2\/media?parent=83057"}],"wp:term":[{"taxonomy":"product_brand","embeddable":true,"href":"https:\/\/kikotest.gali-link.com\/Kiko\/wp-json\/wp\/v2\/product_brand?post=83057"},{"taxonomy":"product_cat","embeddable":true,"href":"https:\/\/kikotest.gali-link.com\/Kiko\/wp-json\/wp\/v2\/product_cat?post=83057"},{"taxonomy":"product_tag","embeddable":true,"href":"https:\/\/kikotest.gali-link.com\/Kiko\/wp-json\/wp\/v2\/product_tag?post=83057"}],"curies":[{"name":"wp","href":"https:\/\/api.w.org\/{rel}","templated":true}]}}